 is divided by n?
5
Suppose 0 = -5*i + 3 + 7. Let t be 3 - (i + 1) - -10. Let b = t + -9. Calculate the remainder when 3 is divided by b.
0
Let s be (-38)/10 + (-2)/10. Calculate the remainder when (72/30)/s - (-173)/5 is divided by 7.
6
Suppose -8*p + 7*p + 34 = 0. Suppose -y + p = -4*j, 0*y - 102 = -3*y - 2*j. What is the remainder when 97 is divided by y?
29
Let q = -55 - -156. Let w = q + -63. What is the remainder when 188 is divided by w?
36
Suppose -150 - 70 = -4*m. Let r be -1*(21/1 + -1). Let n = m + r. Calculate the remainder when 67 is divided by n.
32
Suppose 1864*a - 1886*a = -198. Calculate the remainder when 121 is divided by a.
4
Let h = 396 - 242. Suppose -3*u - 11*u = -h. Let o = -4 - -10. What is the remainder when u is divided by o?
5
Let w = -55 + 70. Calculate the remainder when 13 is divided by ((-5)/3)/((-65)/w + 4).
3
Let i(y) = -y + 30. Calculate the remainder when 206 is divided by i(-23).
47
Suppose 56 = s + 3*s. Let t be (-3)/((-4)/64*6). Suppose -t*h + 10*h = 110. Calculate the remainder when h is divided by s.
13
Let d(s) = -79*s - 541. Calculate the remainder when d(-13) is divided by 35.
31
Let g(y) = y + 1. Let j be (3 - 15/6)*2. Let n be g(j). Calculate the remainder when (120 + -12)/(3/n) is divided by 15.
12
Let a(p) = 3*p + 6. Let y(c) = -c - 3. Let b(q) = -4*a(q) - 7*y(q). What is the remainder when b(-6) is divided by 15?
12
Suppose -44*u + 4957 = -1555. What is the remainder when 163 is divided by u?
15
Let n be -5 + 5 + 7 + -3. Suppose 0 = 2*r + q - 31, r = n*q - 0 + 11. What is the remainder when 41 is divided by r?
11
Let f(v) = 81*v**2 + 3*v - 6. What is the remainder when 379 is divided by f(1)?
67
Let r(p) = -p**3 + 7*p**2 + 10*p - 9. Let v be r(8). Suppose -16 = i - 5*i. Let a = i + v. Calculate the remainder when 41 is divided by a.
8
Suppose -4*t + 36 = -4*f - 5*t, 3*f + 4*t = -40. Let i(x) = -x**3 - 10*x**2 - 17*x + 10. Calculate the remainder when 33 is divided by i(f).
15
Calculate the remainder when 140 is divided by (38 - -7)*(0 - 9/(-3)).
5
Let z(a) = 2*a**2 + 6*a - 21. Let w be z(-7). Let i = w - 23. What is the remainder when i is divided by 5?
2
Suppose -67 = -l - 27. Calculate the remainder when l is divided by 13.
1
Suppose 8*k = 2*k + 1206. What is the remainder when k is divided by 51?
48
Let n = -23 + 44. Calculate the remainder when (68/102)/((-1)/(-111)) is divided by n.
11
Let u = 188 + -152. What is the remainder when 102 is divided by u?
30
Let d(v) be the second derivative of 1/3*v**3 + 1/12*v**4 + v + 0 + 9/2*v**2. Calculate the remainder when d(-6) is divided by 18.
15
Suppose 7*l - 15*l + 192 = 0. Calculate the remainder when 69 is divided by l.
21
Suppose -3*t - 66 = -4*w - 8*t, w = -3*t + 13. What is the remainder when 55 is divided by w?
17
Let c(u) = -3*u + 4. Suppose -3*k = 3*l + 18, -44 = 5*k + 4*l - 13. Let y be c(k). Let m = -17 + y. What is the remainder when 31 is divided by m?
7
Let v(w) = 2*w**2 - 4*w + 1. Suppose -5 - 1 = 3*d, c - 11 = 3*d. What is the remainder when ((-7)/c)/((-8)/280) is divided by v(4)?
15
Let d be (-9)/(-36) + (-7)/(-4). Suppose d*t + 2*t = 24. Let r = t + 6. What is the remainder when 44 is divided by r?
8
Let c = -1700 + 1784. What is the remainder when c is divided by 16?
4
Suppose 5*n = 5*k - 1160, -73*k + 68*k = 4*n - 1196. What is the remainder when k is divided by 75?
11
Suppose 311 - 135 = 4*i. Calculate the remainder when 169 is divided by i.
37
Suppose -12*l - 118 = -2*q - 10*l, -3*l + 138 = 2*q. Calculate the remainder when q is divided by 1 - (-3 + 2)*32.
30
Let o(y) = -y**3 - y**2 + 2*y - 2. Let q be o(-3). Suppose q = -10*k + 11*k. Let r(n) = 2*n**2 + 6*n + 7. What is the remainder when r(-5) is divided by k?
7
Let p = 1911 - 1849. Let b = 13 - -19. Calculate the remainder when p is divided by b.
30
Let j(l) = l. Let y(c) = -2*c**2 - 19*c + 1. Let w be y(-9). Suppose 0*u + 2*u - w = 0. Calculate the remainder when u is divided by j(3).
2
Let h(b) = 4*b**2 + 51*b + 57. Calculate the remainder when h(-18) is divided by 89.
79
Let y(f) = 5*f**2 - 13*f + 15. Calculate the remainder when 75 is divided by y(3).
12
Suppose 4*p = -5*v + 80, 4*v - p - 70 = -3*p. Calculate the remainder when 46 is divided by v.
6
Let q be 12/(-9)*15*(-1)/4. Suppose 3*r + 203 = 7*r + q*y, -4*y - 223 = -5*r. Calculate the remainder when r is divided by 8.
7
Let m = -115 + 278. Suppose -2800 = 52*i - 3580. Calculate the remainder when m is divided by i.
13
Suppose 28*d - 456 = 132. What is the remainder when 81 is divided by d?
18
Let l(s) = -s**2 - 2*s + 2. Let a be l(-3). Calculate the remainder when 15/25 - (-21)/15 is divided by 1 + 0 + (-1 - a).
0
Let s(r) be the first derivative of -r**3/3 + 5*r**2/2 - r + 12. What is the remainder when s(4) is divided by 3?
0
Suppose 11*x = -15 + 400. Suppose -x = -7*b + 84. Calculate the remainder when ((-1)/(-2))/((-1)/(-64)) is divided by b.
15
Let w = 11 - -23. Let z = w - -13. What is the remainder when z is divided by 13?
8
Let c(k) = 7*k + 17. Calculate the remainder when 537 is divided by c(4).
42
Let f(a) = -a**3 + 11*a**2 - 6*a - 19. Let w be f(9). Let u = -35 + w. Calculate the remainder when 214 is divided by u.
52
Let q(y) = -y**3 + 5*y**2 + 5*y. Let b be q(5). Let x = b + -39. Let t(c) = -3*c + 4. What is the remainder when t(x) is divided by 24?
22
Suppose -3*h - 14 = -5, -4*y - 2*h = -98. Calculate the remainder when y is divided by 15.
11
Let k(u) = 6*u**2 - 8 - 7*u + 2*u**3 + 0 - u**3 + 3*u. Let s be k(-6). Calculate the remainder when 9 is divided by s/(-24)*(-18)/4.
0
Suppose 4*f + 3*j + 4 - 45 = 0, 0 = -j - 5. Let x = -9 - -23. Suppose -3*w + 0*w + 2*t = -8, -x = -5*w + 3*t. Calculate the remainder when f is divided by w.
2
Let n(d) = -d**2 - 23*d - 37. Suppose 3*c = -g + 13, -2*g + 3*c - 41 = -4*g. Calculate the remainder when n(-8) is divided by g.
27
Let d = 1006 + -923. Calculate the remainder when 248 is divided by d.
82
Let x(v) = v**2 - 21*v + 39. Calculate the remainder when 14 is divided by x(19).
0
Calculate the remainder when 2343/(-22)*(-4)/2 + 1 is divided by 24.
22
Suppose 3*c - 357 = 3*x, -2*x - 3 = 5. What is the remainder when c is divided by 39?
37
Let l be 9/(-15) - 3/(-5). Suppose 2*x + 73 - 231 = 0. Suppose 0 = -3*h - 9, -2*d + x = -l*d - 3*h. What is the remainder when d is divided by 12?
11
Let o = 1128 + -1083. Calculate the remainder when 326 is divided by o.
11
Let a(p) = -p**2 - 57*p - 68. Calculate the remainder when a(-41) is divided by 10.
8
Let i(h) = -2*h**2 + 26*h + 4. Suppose -6*l = -l + 45. Let z = 18 + l. Calculate the remainder when z is divided by i(13).
1
Let g = 1453 - 1372. Calculate the remainder when 193 is divided by g.
31
Let x = -1 - -3. Let n be -3*1/(-6)*-2. What is the remainder when x is divided by 4/(n*4)*-1?
0
Let v be (-3976)/154 - (-2)/(-11). What is the remainder when 369/7 + 2 - v/91 is divided by 20?
15
Let m = -1464 + 1496. Calculate the remainder when 164 is divided by m.
4
Suppose 148 - 826 = -6*k. What is the remainder when k is divided by 24?
17
Let d(v) = -2*v**3 - 2*v**2 + 2*v + 2. Let l = -14 + 18. Suppose 5*n = -l*a + 151, -2*a - 3*a - n = -173. Calculate the remainder when a is divided by d(-2).
4
Let v(d) = -2*d**3 + 14*d**2 - 11*d + 9. Let y(i) = -i**3 + 3*i**2 + 3*i - 6. Let m be y(4). Calculate the remainder when v(6) is divided by (-88)/m - (-2)/10.
6
Suppose 2*r = -9 + 31. Suppose 3*i = 6*i + 6. Let a(d) = -5*d - 3. What is the remainder when r is divided by a(i)?
4
Suppose -i + 27 = 2*i. Let l(k) = -k**2 + 8*k + 12. What is the remainder when l(i) is divided by 1?
0
Let v be (0 - 1) + 5/(-5). Calculate the remainder when 2146/18 - v/(-9) is divided by 24.
23
Suppose -7*n = -5*q - 3*n - 381, q - 2*n = -75. Let r = q - -108. What is the remainder when 91 is divided by r?
29
Suppose 6*l = 4*a + l - 118, -4*l - 89 = -3*a. What is the remainder when (-36)/(-162) - (1 - 1418/18) is divided by a?
24
Let c = 1721 + -1670. Calculate the remainder when 812 is divided by c.
47
Let d(m) = -2*m**3 - m**2 + 3*m + 2. Suppose 7*q - 32 = 66. What is the remainder when d(-3) is divided by q?
10
Suppose -11*g + 2016 = 619. Calculate the remainder when g is divided by 48.
31
Let x(r) = 3*r + 117. Calculate the remainder when x(-27) is 